{"id":178,"date":"2019-03-22T18:16:24","date_gmt":"2019-03-22T17:16:24","guid":{"rendered":"http:\/\/concertrh.com\/?page_id=178"},"modified":"2022-09-19T17:14:45","modified_gmt":"2022-09-19T15:14:45","slug":"harcelement-presume-dans-le-secteur-de-la-grande-distribution","status":"publish","type":"page","link":"https:\/\/concertrh.com\/index.php\/cas-dintervention\/harcelement-presume-dans-le-secteur-de-la-grande-distribution\/","title":{"rendered":"M\u00e9diation entre associ\u00e9s"},"content":{"rendered":"\t\t<div data-elementor-type=\"wp-page\" data-elementor-id=\"178\" class=\"elementor elementor-178\">\n\t\t\t\t\t\t<div class=\"elementor-inner\">\n\t\t\t\t<div class=\"elementor-section-wrap\">\n\t\t\t\t\t\t\t\t\t<section class=\"elementor-section elementor-top-section elementor-element elementor-element-b6e77e3 elementor-section-boxed elementor-section-height-default elementor-section-height-default\" data-id=\"b6e77e3\" data-element_type=\"section\">\n\t\t\t\t\t\t<div class=\"elementor-container elementor-column-gap-default\">\n\t\t\t\t\t\t\t<div class=\"elementor-row\">\n\t\t\t\t\t<div class=\"elementor-column elementor-col-66 elementor-top-column elementor-element elementor-element-aaa7580\" data-id=\"aaa7580\" data-element_type=\"column\">\n\t\t\t<div class=\"elementor-column-wrap elementor-element-populated\">\n\t\t\t\t\t\t\t<div class=\"elementor-widget-wrap\">\n\t\t\t\t\t\t<div class=\"elementor-element elementor-element-7b9e386 elementor-widget elementor-widget-text-editor\" data-id=\"7b9e386\" data-element_type=\"widget\" data-widget_type=\"text-editor.default\">\n\t\t\t\t<div class=\"elementor-widget-container\">\n\t\t\t\t\t\t\t\t<div class=\"elementor-text-editor elementor-clearfix\">\n\t\t\t\t<p><span style=\"color: #ff6600;\"><strong>ENJEUX<br \/><\/strong><\/span>\u2022 <strong>\u00e9tablir <\/strong>un dialogue entre collaborateurs, afin d\u2019atteindre des objectifs communs en termes de prospective et de d\u00e9veloppement<br \/>\u2022 <strong>revenir<\/strong> progressivement \u00e0 des relations professionnelles de confiance entre pairs et d\u00e9velopper l\u2019esprit entrepreneurial<\/p><p><span style=\"color: #ff6600;\"><strong>M\u00c9THODE<br \/><\/strong><\/span>\u2022 <strong>pr\u00e9sentation<\/strong> collective du dispositif<br \/>\u2022 <strong>entretiens individuels<\/strong> de pr\u00e9-diagnostic : comprendre les enjeux individuels et collectifs, la strat\u00e9gie de l\u2019\u00e9tablissement, l\u2019organisation, ses enjeux op\u00e9rationnels, la culture, le profil des associ\u00e9s et les premi\u00e8res zones de risque<br \/>\u2022 <strong>r\u00e9union de restitution<\/strong> : pr\u00e9sentation des premiers \u00e9l\u00e9ments de diagnostic en pr\u00e9paration aux r\u00e9unions pl\u00e9ni\u00e8res<br \/>\u2022 <strong>r\u00e9unions pl\u00e9ni\u00e8res<\/strong> de r\u00e9gulation\u00a0<\/p><p><strong><span style=\"color: #ff6600;\">LIVRABLES<\/span><\/strong><br \/>\u2022 <strong>note de synth\u00e8se<\/strong> restitu\u00e9e \u00e0 tous les protagonistes et soumise \u00e0 discussion en vue de la pr\u00e9paration des r\u00e9unions pl\u00e9ni\u00e8res\u00a0<br \/>\u2022 <strong>protocole d\u2019accords <\/strong>r\u00e9dig\u00e9 et valid\u00e9 par les protagonistes<\/p>\t\t\t\t\t<\/div>\n\t\t\t\t\t\t<\/div>\n\t\t\t\t<\/div>\n\t\t\t\t\t\t<\/div>\n\t\t\t\t\t<\/div>\n\t\t<\/div>\n\t\t\t\t<div class=\"elementor-column elementor-col-33 elementor-top-column elementor-element elementor-element-27ba655\" data-id=\"27ba655\" data-element_type=\"column\">\n\t\t\t<div class=\"elementor-column-wrap elementor-element-populated\">\n\t\t\t\t\t\t\t<div class=\"elementor-widget-wrap\">\n\t\t\t\t\t\t<div class=\"elementor-element elementor-element-a3b5084 elementor-widget elementor-widget-text-editor\" data-id=\"a3b5084\" data-element_type=\"widget\" data-widget_type=\"text-editor.default\">\n\t\t\t\t<div class=\"elementor-widget-container\">\n\t\t\t\t\t\t\t\t<div class=\"elementor-text-editor elementor-clearfix\">\n\t\t\t\t<p><span style=\"color: #ff6600;\"><strong>Recommandations<br \/><\/strong><\/span><strong>Management<br \/>\u2022<\/strong> <strong>\u00e9claircir<\/strong> les r\u00f4les et\u00a0 p\u00e9rim\u00e8tres d&rsquo;activit\u00e9 de tous les associ\u00e9s\u00a0<br \/>\u2022 <strong>animer <\/strong>des r\u00e9unions d&rsquo;\u00e9quipes\u00a0<strong><br \/><\/strong><\/p><p><strong>Organisation<\/strong><br \/><strong>\u2022 d\u00e9terminer<\/strong> un plan strat\u00e9gique de d\u00e9veloppement<br \/><strong>\u2022 d\u00e9finir<\/strong> des process de r\u00e9partition des dossiers\u00a0<br \/>\u2022<strong> d\u00e9velopper<\/strong> l&rsquo;image de marque du cabinet\u00a0<br \/>\u2022 <strong>am\u00e9liorer<\/strong> la communication interne et externe <\/p>\t\t\t\t\t<\/div>\n\t\t\t\t\t\t<\/div>\n\t\t\t\t<\/div>\n\t\t\t\t\t\t<\/div>\n\t\t\t\t\t<\/div>\n\t\t<\/div>\n\t\t\t\t\t\t\t\t<\/div>\n\t\t\t\t\t<\/div>\n\t\t<\/section>\n\t\t\t\t<section class=\"elementor-section elementor-top-section elementor-element elementor-element-678371c elementor-section-boxed elementor-section-height-default elementor-section-height-default\" data-id=\"678371c\" data-element_type=\"section\">\n\t\t\t\t\t\t<div class=\"elementor-container elementor-column-gap-default\">\n\t\t\t\t\t\t\t<div class=\"elementor-row\">\n\t\t\t\t\t<div class=\"elementor-column elementor-col-66 elementor-top-column elementor-element elementor-element-80f0ab8\" data-id=\"80f0ab8\" data-element_type=\"column\">\n\t\t\t<div class=\"elementor-column-wrap elementor-element-populated\">\n\t\t\t\t\t\t\t<div class=\"elementor-widget-wrap\">\n\t\t\t\t\t\t<div class=\"elementor-element elementor-element-dee203a elementor-widget elementor-widget-text-editor\" data-id=\"dee203a\" data-element_type=\"widget\" data-widget_type=\"text-editor.default\">\n\t\t\t\t<div class=\"elementor-widget-container\">\n\t\t\t\t\t\t\t\t<div class=\"elementor-text-editor elementor-clearfix\">\n\t\t\t\t<p><b style=\"color: #ff6600;\">RESULTATS<\/b><span style=\"color: #ff6600;\"><b><br \/><\/b><\/span>\u2022<strong> mobilisation <\/strong>des associ\u00e9s autour de la d\u00e9finition d\u2019une organisation efficiente<span style=\"font-size: 1.2em; background-color: inherit; text-align: inherit;\"><br \/><\/span>\u2022 <strong>formalisation <\/strong>d\u2019un plan d\u2019action pour \u00e9tablir une strat\u00e9gie de d\u00e9veloppement partag\u00e9e par tous<br \/>\u2022 <strong>accompagnement<\/strong> des acteurs par l\u2019apport d\u2019outils de pilotage de des projets et de la gestion des \u00e9quipes<\/p>\t\t\t\t\t<\/div>\n\t\t\t\t\t\t<\/div>\n\t\t\t\t<\/div>\n\t\t\t\t\t\t<\/div>\n\t\t\t\t\t<\/div>\n\t\t<\/div>\n\t\t\t\t<div class=\"elementor-column elementor-col-33 elementor-top-column elementor-element elementor-element-33578f7\" data-id=\"33578f7\" data-element_type=\"column\">\n\t\t\t<div class=\"elementor-column-wrap elementor-element-populated\">\n\t\t\t\t\t\t\t<div class=\"elementor-widget-wrap\">\n\t\t\t\t\t\t<div class=\"elementor-element elementor-element-9ec8a4f elementor-widget elementor-widget-image\" data-id=\"9ec8a4f\" data-element_type=\"widget\" data-widget_type=\"image.default\">\n\t\t\t\t<div class=\"elementor-widget-container\">\n\t\t\t\t\t\t\t\t<div class=\"elementor-image\">\n\t\t\t\t\t\t\t\t\t\t\t\t<img width=\"1024\" height=\"880\" src=\"https:\/\/concertrh.com\/wp-content\/uploads\/2021\/01\/ConcertRH_carre2-1024x880.jpg\" class=\"attachment-large size-large\" alt=\"\" loading=\"lazy\" srcset=\"https:\/\/concertrh.com\/wp-content\/uploads\/2021\/01\/ConcertRH_carre2-1024x880.jpg 1024w, https:\/\/concertrh.com\/wp-content\/uploads\/2021\/01\/ConcertRH_carre2-300x258.jpg 300w, https:\/\/concertrh.com\/wp-content\/uploads\/2021\/01\/ConcertRH_carre2-768x660.jpg 768w, https:\/\/concertrh.com\/wp-content\/uploads\/2021\/01\/ConcertRH_carre2-1536x1320.jpg 1536w, https:\/\/concertrh.com\/wp-content\/uploads\/2021\/01\/ConcertRH_carre2.jpg 1792w\" sizes=\"(max-width: 1024px) 100vw, 1024px\" \/>\t\t\t\t\t\t\t\t\t\t\t\t\t\t<\/div>\n\t\t\t\t\t\t<\/div>\n\t\t\t\t<\/div>\n\t\t\t\t\t\t<\/div>\n\t\t\t\t\t<\/div>\n\t\t<\/div>\n\t\t\t\t\t\t\t\t<\/div>\n\t\t\t\t\t<\/div>\n\t\t<\/section>\n\t\t\t\t<section class=\"elementor-section elementor-top-section elementor-element elementor-element-857571e elementor-section-boxed elementor-section-height-default elementor-section-height-default\" data-id=\"857571e\" data-element_type=\"section\">\n\t\t\t\t\t\t<div class=\"elementor-container elementor-column-gap-default\">\n\t\t\t\t\t\t\t<div class=\"elementor-row\">\n\t\t\t\t\t<div class=\"elementor-column elementor-col-100 elementor-top-column elementor-element elementor-element-231be68\" data-id=\"231be68\" data-element_type=\"column\">\n\t\t\t<div class=\"elementor-column-wrap elementor-element-populated\">\n\t\t\t\t\t\t\t<div class=\"elementor-widget-wrap\">\n\t\t\t\t\t\t<div class=\"elementor-element elementor-element-05e65f5 elementor-widget elementor-widget-spacer\" data-id=\"05e65f5\" data-element_type=\"widget\" data-widget_type=\"spacer.default\">\n\t\t\t\t<div class=\"elementor-widget-container\">\n\t\t\t\t\t<div class=\"elementor-spacer\">\n\t\t\t<div class=\"elementor-spacer-inner\"><\/div>\n\t\t<\/div>\n\t\t\t\t<\/div>\n\t\t\t\t<\/div>\n\t\t\t\t\t\t<\/div>\n\t\t\t\t\t<\/div>\n\t\t<\/div>\n\t\t\t\t\t\t\t\t<\/div>\n\t\t\t\t\t<\/div>\n\t\t<\/section>\n\t\t\t\t<section class=\"elementor-section elementor-top-section elementor-element elementor-element-68a046c elementor-section-boxed elementor-section-height-default elementor-section-height-default\" data-id=\"68a046c\" data-element_type=\"section\">\n\t\t\t\t\t\t<div class=\"elementor-container elementor-column-gap-default\">\n\t\t\t\t\t\t\t<div class=\"elementor-row\">\n\t\t\t\t\t<div class=\"elementor-column elementor-col-100 elementor-top-column elementor-element elementor-element-0f34da4\" data-id=\"0f34da4\" data-element_type=\"column\">\n\t\t\t<div class=\"elementor-column-wrap elementor-element-populated\">\n\t\t\t\t\t\t\t<div class=\"elementor-widget-wrap\">\n\t\t\t\t\t\t<div class=\"elementor-element elementor-element-bdbfac1 elementor-widget elementor-widget-text-editor\" data-id=\"bdbfac1\" data-element_type=\"widget\" data-widget_type=\"text-editor.default\">\n\t\t\t\t<div class=\"elementor-widget-container\">\n\t\t\t\t\t\t\t\t<div class=\"elementor-text-editor elementor-clearfix\">\n\t\t\t\t<section class=\"elementor-section elementor-top-section elementor-element elementor-element-8c9dfe8 elementor-section-boxed elementor-section-height-default elementor-section-height-default\" data-id=\"8c9dfe8\" data-element_type=\"section\"><div class=\"elementor-container elementor-column-gap-default\"><div class=\"elementor-row\"><div class=\"elementor-column elementor-col-100 elementor-top-column elementor-element elementor-element-7ec3e9b\" data-id=\"7ec3e9b\" data-element_type=\"column\"><div class=\"elementor-column-wrap elementor-element-populated\"><div class=\"elementor-widget-wrap\"><div class=\"elementor-element elementor-element-b188a9e elementor-widget elementor-widget-text-editor\" data-id=\"b188a9e\" data-element_type=\"widget\" data-widget_type=\"text-editor.default\"><div class=\"elementor-widget-container\"><div class=\"elementor-text-editor elementor-clearfix\"><p style=\"text-align: center;\"><strong><a href=\"http:\/\/concertrh.com\/index.php\/cas-dintervention\/\"><em><span><span style=\"color: #2b67c5;\">&lt; Retour aux cas d\u2019intervention &gt;<\/span><\/span><\/em><\/a><\/strong><\/p><\/div><\/div><\/div><\/div><\/div><\/div><\/div><\/div><\/section>\t\t\t\t\t<\/div>\n\t\t\t\t\t\t<\/div>\n\t\t\t\t<\/div>\n\t\t\t\t\t\t<\/div>\n\t\t\t\t\t<\/div>\n\t\t<\/div>\n\t\t\t\t\t\t\t\t<\/div>\n\t\t\t\t\t<\/div>\n\t\t<\/section>\n\t\t\t\t\t\t\t\t\t<\/div>\n\t\t\t<\/div>\n\t\t\t\t\t<\/div>\n\t\t","protected":false},"excerpt":{"rendered":"<p>ENJEUX \u2022 \u00e9tablir un dialogue entre collaborateurs, afin d\u2019atteindre des objectifs communs en termes de prospective et de d\u00e9veloppement \u2022 revenir progressivement \u00e0 des relations professionnelles de confiance entre pairs et d\u00e9velopper l\u2019esprit entrepreneurial M\u00c9THODE \u2022 pr\u00e9sentation collective du dispositif \u2022 entretiens individuels de pr\u00e9-diagnostic : comprendre les enjeux individuels et collectifs, la strat\u00e9gie de [&hellip;]<\/p>\n","protected":false},"author":1,"featured_media":2846,"parent":169,"menu_order":3,"comment_status":"closed","ping_status":"closed","template":"","meta":[],"_links":{"self":[{"href":"https:\/\/concertrh.com\/index.php\/wp-json\/wp\/v2\/pages\/178"}],"collection":[{"href":"https:\/\/concertrh.com\/index.php\/wp-json\/wp\/v2\/pages"}],"about":[{"href":"https:\/\/concertrh.com\/index.php\/wp-json\/wp\/v2\/types\/page"}],"author":[{"embeddable":true,"href":"https:\/\/concertrh.com\/index.php\/wp-json\/wp\/v2\/users\/1"}],"replies":[{"embeddable":true,"href":"https:\/\/concertrh.com\/index.php\/wp-json\/wp\/v2\/comments?post=178"}],"version-history":[{"count":75,"href":"https:\/\/concertrh.com\/index.php\/wp-json\/wp\/v2\/pages\/178\/revisions"}],"predecessor-version":[{"id":2847,"href":"https:\/\/concertrh.com\/index.php\/wp-json\/wp\/v2\/pages\/178\/revisions\/2847"}],"up":[{"embeddable":true,"href":"https:\/\/concertrh.com\/index.php\/wp-json\/wp\/v2\/pages\/169"}],"wp:featuredmedia":[{"embeddable":true,"href":"https:\/\/concertrh.com\/index.php\/wp-json\/wp\/v2\/media\/2846"}],"wp:attachment":[{"href":"https:\/\/concertrh.com\/index.php\/wp-json\/wp\/v2\/media?parent=178"}],"curies":[{"name":"wp","href":"https:\/\/api.w.org\/{rel}","templated":true}]}}