{"id":2368,"date":"2021-03-04T10:09:20","date_gmt":"2021-03-04T09:09:20","guid":{"rendered":"http:\/\/concertrh.com\/index.php\/expertise\/communication-de-crise-2\/"},"modified":"2022-09-16T18:55:11","modified_gmt":"2022-09-16T16:55:11","slug":"communication-de-crise-2","status":"publish","type":"page","link":"https:\/\/concertrh.com\/index.php\/expertise\/communication-de-crise-2\/","title":{"rendered":"Accompagnement manag\u00e9rial"},"content":{"rendered":"\t\t<div data-elementor-type=\"wp-page\" data-elementor-id=\"2368\" class=\"elementor elementor-2368\">\n\t\t\t\t\t\t<div class=\"elementor-inner\">\n\t\t\t\t<div class=\"elementor-section-wrap\">\n\t\t\t\t\t\t\t\t\t<section class=\"elementor-section elementor-top-section elementor-element elementor-element-aa19dbc elementor-section-boxed elementor-section-height-default elementor-section-height-default\" data-id=\"aa19dbc\" data-element_type=\"section\">\n\t\t\t\t\t\t<div class=\"elementor-container elementor-column-gap-default\">\n\t\t\t\t\t\t\t<div class=\"elementor-row\">\n\t\t\t\t\t<div class=\"elementor-column elementor-col-50 elementor-top-column elementor-element elementor-element-cbbb77c\" data-id=\"cbbb77c\" data-element_type=\"column\">\n\t\t\t<div class=\"elementor-column-wrap elementor-element-populated\">\n\t\t\t\t\t\t\t<div class=\"elementor-widget-wrap\">\n\t\t\t\t\t\t<div class=\"elementor-element elementor-element-a41ed45 elementor-widget elementor-widget-text-editor\" data-id=\"a41ed45\" data-element_type=\"widget\" data-widget_type=\"text-editor.default\">\n\t\t\t\t<div class=\"elementor-widget-container\">\n\t\t\t\t\t\t\t\t<div class=\"elementor-text-editor elementor-clearfix\">\n\t\t\t\t<p><span style=\"color: #2b67c5;\"><strong>VOS ENJEUX<\/strong><\/span><\/p><p><strong>\u2022 am\u00e9liorer <\/strong>la coh\u00e9sion des \u00e9quipes\u00a0<strong><br \/>\u2022 d\u00e9velopper <\/strong>le leadership, le savoir-\u00eatre\u00a0<strong><br \/>\u2022 modifier <\/strong>un comportement et progresser professionnellement\u00a0<strong><br \/>\u2022 retrouver <\/strong>du sens \u00e0 l\u2019engagement professionnel, afin de d\u00e9velopper la performance\u00a0<strong><br \/>\u2022 explorer <\/strong>de nouvelles motivations et finalit\u00e9s\u00a0\u00a0<\/p>\t\t\t\t\t<\/div>\n\t\t\t\t\t\t<\/div>\n\t\t\t\t<\/div>\n\t\t\t\t\t\t<\/div>\n\t\t\t\t\t<\/div>\n\t\t<\/div>\n\t\t\t\t<div class=\"elementor-column elementor-col-50 elementor-top-column elementor-element elementor-element-98bbc4b\" data-id=\"98bbc4b\" data-element_type=\"column\">\n\t\t\t<div class=\"elementor-column-wrap elementor-element-populated\">\n\t\t\t\t\t\t\t<div class=\"elementor-widget-wrap\">\n\t\t\t\t\t\t<div class=\"elementor-element elementor-element-5ededf4 elementor-widget elementor-widget-text-editor\" data-id=\"5ededf4\" data-element_type=\"widget\" data-widget_type=\"text-editor.default\">\n\t\t\t\t<div class=\"elementor-widget-container\">\n\t\t\t\t\t\t\t\t<div class=\"elementor-text-editor elementor-clearfix\">\n\t\t\t\t<p><span style=\"color: #2b67c5;\"><strong>VOS OBJECTIFS<\/strong><\/span><\/p><ul><li><strong>r\u00e9soudre <\/strong>des difficult\u00e9s sp\u00e9cifiques de management ou de communication<\/li><li><strong>construire <\/strong>un nouveau projet professionnel<\/li><li><strong>r\u00e9ussir <\/strong>une \u00e9volution personnelle<\/li><li><strong>rompre <\/strong>la solitude en partageant ses questions, sans risques<\/li><li><strong>d\u00e9velopper <\/strong>les performances d\u2019un collaborateur ou d\u2019une \u00e9quipe<\/li><li><strong>faciliter <\/strong>les \u00e9changes entre collaborateurs\u00a0\u00a0<\/li><\/ul>\t\t\t\t\t<\/div>\n\t\t\t\t\t\t<\/div>\n\t\t\t\t<\/div>\n\t\t\t\t\t\t<\/div>\n\t\t\t\t\t<\/div>\n\t\t<\/div>\n\t\t\t\t\t\t\t\t<\/div>\n\t\t\t\t\t<\/div>\n\t\t<\/section>\n\t\t\t\t<section class=\"elementor-section elementor-top-section elementor-element elementor-element-494ce77 elementor-section-boxed elementor-section-height-default elementor-section-height-default\" data-id=\"494ce77\" data-element_type=\"section\">\n\t\t\t\t\t\t<div class=\"elementor-container elementor-column-gap-default\">\n\t\t\t\t\t\t\t<div class=\"elementor-row\">\n\t\t\t\t\t<div class=\"elementor-column elementor-col-100 elementor-top-column elementor-element elementor-element-2423a09\" data-id=\"2423a09\" data-element_type=\"column\">\n\t\t\t<div class=\"elementor-column-wrap elementor-element-populated\">\n\t\t\t\t\t\t\t<div class=\"elementor-widget-wrap\">\n\t\t\t\t\t\t<div class=\"elementor-element elementor-element-fa99120 elementor-widget elementor-widget-text-editor\" data-id=\"fa99120\" data-element_type=\"widget\" data-widget_type=\"text-editor.default\">\n\t\t\t\t<div class=\"elementor-widget-container\">\n\t\t\t\t\t\t\t\t<div class=\"elementor-text-editor elementor-clearfix\">\n\t\t\t\t<p style=\"text-align: center;\"><span style=\"color: #f85d41;\"><strong><b>Notre approche est centr\u00e9e sur la mobilisation des ressources et des potentialit\u00e9s du collaborateur et<\/b><\/strong><\/span><span style=\"color: #f85d41;\"><strong><b>\u00a0vise \u00e0 <\/b>:<\/strong> <\/span><\/p><p style=\"text-align: left;\"><strong>\u2022 <b>identifier <\/b><\/strong>une probl\u00e9matique objective, relationnelle ou intrapsychique\u00a0<br \/><strong>\u2022 <b>d\u00e9velopper\u00a0<\/b><\/strong>la connaissance de soi pour agir mieux dans le collectif\u00a0 \u00a0<br \/><strong>\u2022 <b>aider <\/b><\/strong>le collaborateur \u00e0 trouver ses propres r\u00e9ponses<br \/><strong>\u2022 d\u00e9velopper <\/strong>la connaissance de soi pour agir mieux dans le collectif\u00a0\u00a0<br \/><strong>\u2022 renforcer <\/strong>la culture et les outils du management pour construire une vision partag\u00e9e<\/p>\t\t\t\t\t<\/div>\n\t\t\t\t\t\t<\/div>\n\t\t\t\t<\/div>\n\t\t\t\t\t\t<\/div>\n\t\t\t\t\t<\/div>\n\t\t<\/div>\n\t\t\t\t\t\t\t\t<\/div>\n\t\t\t\t\t<\/div>\n\t\t<\/section>\n\t\t\t\t<section class=\"elementor-section elementor-top-section elementor-element elementor-element-2f2d59f elementor-section-boxed elementor-section-height-default elementor-section-height-default\" data-id=\"2f2d59f\" data-element_type=\"section\">\n\t\t\t\t\t\t<div class=\"elementor-container elementor-column-gap-default\">\n\t\t\t\t\t\t\t<div class=\"elementor-row\">\n\t\t\t\t\t<div class=\"elementor-column elementor-col-66 elementor-top-column elementor-element elementor-element-1e1e973\" data-id=\"1e1e973\" data-element_type=\"column\">\n\t\t\t<div class=\"elementor-column-wrap elementor-element-populated\">\n\t\t\t\t\t\t\t<div class=\"elementor-widget-wrap\">\n\t\t\t\t\t\t<div class=\"elementor-element elementor-element-8deb970 elementor-widget elementor-widget-text-editor\" data-id=\"8deb970\" data-element_type=\"widget\" data-widget_type=\"text-editor.default\">\n\t\t\t\t<div class=\"elementor-widget-container\">\n\t\t\t\t\t\t\t\t<div class=\"elementor-text-editor elementor-clearfix\">\n\t\t\t\t<p><span style=\"color: #f85d41;\"><strong>&gt; Nos solutions<\/strong><\/span><br \/><b>Coaching individuel et collectif :<\/b><\/p><p>\u2022 Trouver sa place dans l&rsquo;organisation\u00a0<br \/>\u2022 D\u00e9tecter ses talents\u00a0<br \/>\u2022 D\u00e9velopper son charisme et son leadership\u00a0\u00a0<br \/>\u2022 R\u00e9ussir sa prise de poste\u00a0<br \/>\u2022 Favoriser le co-d\u00e9veloppement\u00a0<br \/><br \/><\/p>\t\t\t\t\t<\/div>\n\t\t\t\t\t\t<\/div>\n\t\t\t\t<\/div>\n\t\t\t\t\t\t<\/div>\n\t\t\t\t\t<\/div>\n\t\t<\/div>\n\t\t\t\t<div class=\"elementor-column elementor-col-33 elementor-top-column elementor-element elementor-element-ee54889\" data-id=\"ee54889\" data-element_type=\"column\">\n\t\t\t<div class=\"elementor-column-wrap elementor-element-populated\">\n\t\t\t\t\t\t\t<div class=\"elementor-widget-wrap\">\n\t\t\t\t\t\t<div class=\"elementor-element elementor-element-dd831d4 elementor-widget elementor-widget-image\" data-id=\"dd831d4\" data-element_type=\"widget\" data-widget_type=\"image.default\">\n\t\t\t\t<div class=\"elementor-widget-container\">\n\t\t\t\t\t\t\t\t<div class=\"elementor-image\">\n\t\t\t\t\t\t\t\t\t\t\t\t<img width=\"1024\" height=\"880\" src=\"https:\/\/concertrh.com\/wp-content\/uploads\/2021\/01\/ConcertRH_carre5-1024x880.jpg\" class=\"attachment-large size-large\" alt=\"\" loading=\"lazy\" srcset=\"https:\/\/concertrh.com\/wp-content\/uploads\/2021\/01\/ConcertRH_carre5-1024x880.jpg 1024w, https:\/\/concertrh.com\/wp-content\/uploads\/2021\/01\/ConcertRH_carre5-300x258.jpg 300w, https:\/\/concertrh.com\/wp-content\/uploads\/2021\/01\/ConcertRH_carre5-768x660.jpg 768w, https:\/\/concertrh.com\/wp-content\/uploads\/2021\/01\/ConcertRH_carre5-1536x1320.jpg 1536w, https:\/\/concertrh.com\/wp-content\/uploads\/2021\/01\/ConcertRH_carre5.jpg 1792w\" sizes=\"(max-width: 1024px) 100vw, 1024px\" \/>\t\t\t\t\t\t\t\t\t\t\t\t\t\t<\/div>\n\t\t\t\t\t\t<\/div>\n\t\t\t\t<\/div>\n\t\t\t\t\t\t<\/div>\n\t\t\t\t\t<\/div>\n\t\t<\/div>\n\t\t\t\t\t\t\t\t<\/div>\n\t\t\t\t\t<\/div>\n\t\t<\/section>\n\t\t\t\t<section class=\"elementor-section elementor-top-section elementor-element elementor-element-c5aa00b elementor-section-boxed elementor-section-height-default elementor-section-height-default\" data-id=\"c5aa00b\" data-element_type=\"section\">\n\t\t\t\t\t\t<div class=\"elementor-container elementor-column-gap-default\">\n\t\t\t\t\t\t\t<div class=\"elementor-row\">\n\t\t\t\t\t<div class=\"elementor-column elementor-col-100 elementor-top-column elementor-element elementor-element-c30d8af\" data-id=\"c30d8af\" data-element_type=\"column\">\n\t\t\t<div class=\"elementor-column-wrap elementor-element-populated\">\n\t\t\t\t\t\t\t<div class=\"elementor-widget-wrap\">\n\t\t\t\t\t\t<div class=\"elementor-element elementor-element-a47ff74 elementor-widget elementor-widget-text-editor\" data-id=\"a47ff74\" data-element_type=\"widget\" data-widget_type=\"text-editor.default\">\n\t\t\t\t<div class=\"elementor-widget-container\">\n\t\t\t\t\t\t\t\t<div class=\"elementor-text-editor elementor-clearfix\">\n\t\t\t\t\t\t\t\t\t<\/div>\n\t\t\t\t\t\t<\/div>\n\t\t\t\t<\/div>\n\t\t\t\t\t\t<\/div>\n\t\t\t\t\t<\/div>\n\t\t<\/div>\n\t\t\t\t\t\t\t\t<\/div>\n\t\t\t\t\t<\/div>\n\t\t<\/section>\n\t\t\t\t\t\t\t\t\t<\/div>\n\t\t\t<\/div>\n\t\t\t\t\t<\/div>\n\t\t","protected":false},"excerpt":{"rendered":"<p>VOS ENJEUX \u2022 am\u00e9liorer la coh\u00e9sion des \u00e9quipes&nbsp; \u2022 d\u00e9velopper le leadership, le savoir-\u00eatre&nbsp; \u2022 modifier un comportement et progresser professionnellement&nbsp; \u2022 retrouver du sens \u00e0 l\u2019engagement professionnel, afin de d\u00e9velopper la performance&nbsp; \u2022 explorer de nouvelles motivations et finalit\u00e9s&nbsp;&nbsp; VOS OBJECTIFS r\u00e9soudre des difficult\u00e9s sp\u00e9cifiques de management ou de communication construire un nouveau projet [&hellip;]<\/p>\n","protected":false},"author":1,"featured_media":2826,"parent":143,"menu_order":5,"comment_status":"closed","ping_status":"closed","template":"","meta":[],"_links":{"self":[{"href":"https:\/\/concertrh.com\/index.php\/wp-json\/wp\/v2\/pages\/2368"}],"collection":[{"href":"https:\/\/concertrh.com\/index.php\/wp-json\/wp\/v2\/pages"}],"about":[{"href":"https:\/\/concertrh.com\/index.php\/wp-json\/wp\/v2\/types\/page"}],"author":[{"embeddable":true,"href":"https:\/\/concertrh.com\/index.php\/wp-json\/wp\/v2\/users\/1"}],"replies":[{"embeddable":true,"href":"https:\/\/concertrh.com\/index.php\/wp-json\/wp\/v2\/comments?post=2368"}],"version-history":[{"count":39,"href":"https:\/\/concertrh.com\/index.php\/wp-json\/wp\/v2\/pages\/2368\/revisions"}],"predecessor-version":[{"id":2687,"href":"https:\/\/concertrh.com\/index.php\/wp-json\/wp\/v2\/pages\/2368\/revisions\/2687"}],"up":[{"embeddable":true,"href":"https:\/\/concertrh.com\/index.php\/wp-json\/wp\/v2\/pages\/143"}],"wp:featuredmedia":[{"embeddable":true,"href":"https:\/\/concertrh.com\/index.php\/wp-json\/wp\/v2\/media\/2826"}],"wp:attachment":[{"href":"https:\/\/concertrh.com\/index.php\/wp-json\/wp\/v2\/media?parent=2368"}],"curies":[{"name":"wp","href":"https:\/\/api.w.org\/{rel}","templated":true}]}}