{"id":33,"date":"2019-03-21T14:59:33","date_gmt":"2019-03-21T13:59:33","guid":{"rendered":"http:\/\/concertrh.com\/?page_id=33"},"modified":"2022-09-14T18:21:19","modified_gmt":"2022-09-14T16:21:19","slug":"les-enjeux","status":"publish","type":"page","link":"https:\/\/concertrh.com\/index.php\/les-enjeux\/","title":{"rendered":"Vos enjeux"},"content":{"rendered":"\t\t<div data-elementor-type=\"wp-post\" data-elementor-id=\"33\" class=\"elementor elementor-33\">\n\t\t\t\t\t\t<div class=\"elementor-inner\">\n\t\t\t\t<div class=\"elementor-section-wrap\">\n\t\t\t\t\t\t\t\t\t<section class=\"elementor-section elementor-top-section elementor-element elementor-element-59242ce elementor-section-boxed elementor-section-height-default elementor-section-height-default\" data-id=\"59242ce\" data-element_type=\"section\">\n\t\t\t\t\t\t<div class=\"elementor-container elementor-column-gap-default\">\n\t\t\t\t\t\t\t<div class=\"elementor-row\">\n\t\t\t\t\t<div class=\"elementor-column elementor-col-100 elementor-top-column elementor-element elementor-element-6644162\" data-id=\"6644162\" data-element_type=\"column\">\n\t\t\t<div class=\"elementor-column-wrap elementor-element-populated\">\n\t\t\t\t\t\t\t<div class=\"elementor-widget-wrap\">\n\t\t\t\t\t\t<div class=\"elementor-element elementor-element-5105ec0 elementor-widget elementor-widget-text-editor\" data-id=\"5105ec0\" data-element_type=\"widget\" data-widget_type=\"text-editor.default\">\n\t\t\t\t<div class=\"elementor-widget-container\">\n\t\t\t\t\t\t\t\t<div class=\"elementor-text-editor elementor-clearfix\">\n\t\t\t\t<h4 style=\"text-align: center;\"><span style=\"color: #2b67c5;\"><strong>Comprendre, pr\u00e9venir et agir sur les risques<\/strong><\/span><\/h4><ul><li>incompr\u00e9hension, d\u00e9mobilisation, d\u00e9sengagement, turnover, absent\u00e9isme, burnout, harc\u00e8lements, etc\u2026<\/li><li>\u00e9chec op\u00e9rationnel, perte d\u2019efficacit\u00e9 ou de productivit\u00e9<\/li><li>r\u00e9sistance aux processus de r\u00e9organisation<\/li><li>risques p\u00e9naux li\u00e9s \u00e0 l\u2019obligation de s\u00e9curit\u00e9 de r\u00e9sultat<\/li><li>d\u00e9gradation du dialogue social<\/li><li>alt\u00e9ration de la sant\u00e9 des salari\u00e9s<\/li><\/ul>\t\t\t\t\t<\/div>\n\t\t\t\t\t\t<\/div>\n\t\t\t\t<\/div>\n\t\t\t\t\t\t<\/div>\n\t\t\t\t\t<\/div>\n\t\t<\/div>\n\t\t\t\t\t\t\t\t<\/div>\n\t\t\t\t\t<\/div>\n\t\t<\/section>\n\t\t\t\t<section class=\"elementor-section elementor-top-section elementor-element elementor-element-bedbdd6 elementor-section-boxed elementor-section-height-default elementor-section-height-default\" data-id=\"bedbdd6\" data-element_type=\"section\">\n\t\t\t\t\t\t<div class=\"elementor-container elementor-column-gap-default\">\n\t\t\t\t\t\t\t<div class=\"elementor-row\">\n\t\t\t\t\t<div class=\"elementor-column elementor-col-33 elementor-top-column elementor-element elementor-element-02ae3da\" data-id=\"02ae3da\" data-element_type=\"column\">\n\t\t\t<div class=\"elementor-column-wrap\">\n\t\t\t\t\t\t\t<div class=\"elementor-widget-wrap\">\n\t\t\t\t\t\t\t\t<\/div>\n\t\t\t\t\t<\/div>\n\t\t<\/div>\n\t\t\t\t<div class=\"elementor-column elementor-col-33 elementor-top-column elementor-element elementor-element-7b32418\" data-id=\"7b32418\" data-element_type=\"column\">\n\t\t\t<div class=\"elementor-column-wrap elementor-element-populated\">\n\t\t\t\t\t\t\t<div class=\"elementor-widget-wrap\">\n\t\t\t\t\t\t<div class=\"elementor-element elementor-element-daa3eb8 elementor-view-default elementor-invisible elementor-widget elementor-widget-icon\" data-id=\"daa3eb8\" data-element_type=\"widget\" data-settings=\"{&quot;_animation&quot;:&quot;fadeInDown&quot;}\" data-widget_type=\"icon.default\">\n\t\t\t\t<div class=\"elementor-widget-container\">\n\t\t\t\t\t<div class=\"elementor-icon-wrapper\">\n\t\t\t<div class=\"elementor-icon\">\n\t\t\t<i aria-hidden=\"true\" class=\"far fa-hand-point-down\"><\/i>\t\t\t<\/div>\n\t\t<\/div>\n\t\t\t\t<\/div>\n\t\t\t\t<\/div>\n\t\t\t\t\t\t<\/div>\n\t\t\t\t\t<\/div>\n\t\t<\/div>\n\t\t\t\t<div class=\"elementor-column elementor-col-33 elementor-top-column elementor-element elementor-element-9c2b88c\" data-id=\"9c2b88c\" data-element_type=\"column\">\n\t\t\t<div class=\"elementor-column-wrap\">\n\t\t\t\t\t\t\t<div class=\"elementor-widget-wrap\">\n\t\t\t\t\t\t\t\t<\/div>\n\t\t\t\t\t<\/div>\n\t\t<\/div>\n\t\t\t\t\t\t\t\t<\/div>\n\t\t\t\t\t<\/div>\n\t\t<\/section>\n\t\t\t\t<section class=\"elementor-section elementor-top-section elementor-element elementor-element-fee4f38 elementor-section-boxed elementor-section-height-default elementor-section-height-default\" data-id=\"fee4f38\" data-element_type=\"section\">\n\t\t\t\t\t\t<div class=\"elementor-container elementor-column-gap-default\">\n\t\t\t\t\t\t\t<div class=\"elementor-row\">\n\t\t\t\t\t<div class=\"elementor-column elementor-col-100 elementor-top-column elementor-element elementor-element-565e700\" data-id=\"565e700\" data-element_type=\"column\">\n\t\t\t<div class=\"elementor-column-wrap elementor-element-populated\">\n\t\t\t\t\t\t\t<div class=\"elementor-widget-wrap\">\n\t\t\t\t\t\t<div class=\"elementor-element elementor-element-9b611d9 elementor-widget elementor-widget-text-editor\" data-id=\"9b611d9\" data-element_type=\"widget\" data-widget_type=\"text-editor.default\">\n\t\t\t\t<div class=\"elementor-widget-container\">\n\t\t\t\t\t\t\t\t<div class=\"elementor-text-editor elementor-clearfix\">\n\t\t\t\t<h4 style=\"text-align: center;\"><span style=\"color: #2b67c5;\"><strong>Identifier les leviers d\u2019action<\/strong><\/span><\/h4><ul><li>d\u00e9velopper un management positif\u00a0<\/li><li>r\u00e9ussir votre transformation\u00a0<\/li><li>consolider votre organisation<\/li><li>faciliter la mise en \u0153uvre d&rsquo;actions concr\u00e8tes sur un plan op\u00e9rationnel<\/li><li>accompagner les \u00e9quipes : convaincre et rassurer, afin de restaurer l\u2019optimisme et le dialogue indispensables \u00e0 la coop\u00e9ration<\/li><li>am\u00e9liorer la marque employeur<\/li><\/ul>\t\t\t\t\t<\/div>\n\t\t\t\t\t\t<\/div>\n\t\t\t\t<\/div>\n\t\t\t\t\t\t<\/div>\n\t\t\t\t\t<\/div>\n\t\t<\/div>\n\t\t\t\t\t\t\t\t<\/div>\n\t\t\t\t\t<\/div>\n\t\t<\/section>\n\t\t\t\t<section class=\"elementor-section elementor-top-section elementor-element elementor-element-a878ecb elementor-section-boxed elementor-section-height-default elementor-section-height-default\" data-id=\"a878ecb\" data-element_type=\"section\">\n\t\t\t\t\t\t<div class=\"elementor-container elementor-column-gap-default\">\n\t\t\t\t\t\t\t<div class=\"elementor-row\">\n\t\t\t\t\t<div class=\"elementor-column elementor-col-100 elementor-top-column elementor-element elementor-element-1525c84\" data-id=\"1525c84\" data-element_type=\"column\">\n\t\t\t<div class=\"elementor-column-wrap elementor-element-populated\">\n\t\t\t\t\t\t\t<div class=\"elementor-widget-wrap\">\n\t\t\t\t\t\t<div class=\"elementor-element elementor-element-07c9890 elementor-widget elementor-widget-spacer\" data-id=\"07c9890\" data-element_type=\"widget\" data-widget_type=\"spacer.default\">\n\t\t\t\t<div class=\"elementor-widget-container\">\n\t\t\t\t\t<div class=\"elementor-spacer\">\n\t\t\t<div class=\"elementor-spacer-inner\"><\/div>\n\t\t<\/div>\n\t\t\t\t<\/div>\n\t\t\t\t<\/div>\n\t\t\t\t\t\t<\/div>\n\t\t\t\t\t<\/div>\n\t\t<\/div>\n\t\t\t\t\t\t\t\t<\/div>\n\t\t\t\t\t<\/div>\n\t\t<\/section>\n\t\t\t\t<section class=\"elementor-section elementor-top-section elementor-element elementor-element-03146d4 elementor-section-boxed elementor-section-height-default elementor-section-height-default\" data-id=\"03146d4\" data-element_type=\"section\">\n\t\t\t\t\t\t<div class=\"elementor-container elementor-column-gap-default\">\n\t\t\t\t\t\t\t<div class=\"elementor-row\">\n\t\t\t\t\t<div class=\"elementor-column elementor-col-100 elementor-top-column elementor-element elementor-element-9e02255\" data-id=\"9e02255\" data-element_type=\"column\">\n\t\t\t<div class=\"elementor-column-wrap elementor-element-populated\">\n\t\t\t\t\t\t\t<div class=\"elementor-widget-wrap\">\n\t\t\t\t\t\t<div class=\"elementor-element elementor-element-3440fe0 elementor-widget elementor-widget-text-editor\" data-id=\"3440fe0\" data-element_type=\"widget\" data-widget_type=\"text-editor.default\">\n\t\t\t\t<div class=\"elementor-widget-container\">\n\t\t\t\t\t\t\t\t<div class=\"elementor-text-editor elementor-clearfix\">\n\t\t\t\t<p style=\"text-align: center;\">Selon <span style=\"color: #2b67c5;\"><a href=\"https:\/\/osha.europa.eu\/en\/publications\/calculating-cost-work-related-stress-and-psychosocial-risks\" target=\"_blank\" rel=\"noopener\" style=\"color: #2b67c5;\">L\u2019Agence Europ\u00e9enne pour la s\u00e9curit\u00e9 et la sant\u00e9 au travail<\/a><\/span><br \/><span style=\"color: #2b67c5;\"><strong>1 euro investi = 13 euros d\u2019\u00e9conomie<\/strong><\/span><\/p>\t\t\t\t\t<\/div>\n\t\t\t\t\t\t<\/div>\n\t\t\t\t<\/div>\n\t\t\t\t\t\t<\/div>\n\t\t\t\t\t<\/div>\n\t\t<\/div>\n\t\t\t\t\t\t\t\t<\/div>\n\t\t\t\t\t<\/div>\n\t\t<\/section>\n\t\t\t\t<section class=\"elementor-section elementor-top-section elementor-element elementor-element-5634551 elementor-section-boxed elementor-section-height-default elementor-section-height-default\" data-id=\"5634551\" data-element_type=\"section\">\n\t\t\t\t\t\t<div class=\"elementor-container elementor-column-gap-default\">\n\t\t\t\t\t\t\t<div class=\"elementor-row\">\n\t\t\t\t\t<div class=\"elementor-column elementor-col-33 elementor-top-column elementor-element elementor-element-539d649\" data-id=\"539d649\" data-element_type=\"column\">\n\t\t\t<div class=\"elementor-column-wrap\">\n\t\t\t\t\t\t\t<div class=\"elementor-widget-wrap\">\n\t\t\t\t\t\t\t\t<\/div>\n\t\t\t\t\t<\/div>\n\t\t<\/div>\n\t\t\t\t<div class=\"elementor-column elementor-col-33 elementor-top-column elementor-element elementor-element-869e14a\" data-id=\"869e14a\" data-element_type=\"column\">\n\t\t\t<div class=\"elementor-column-wrap elementor-element-populated\">\n\t\t\t\t\t\t\t<div class=\"elementor-widget-wrap\">\n\t\t\t\t\t\t<div class=\"elementor-element elementor-element-40133e3 elementor-widget elementor-widget-image\" data-id=\"40133e3\" data-element_type=\"widget\" data-widget_type=\"image.default\">\n\t\t\t\t<div class=\"elementor-widget-container\">\n\t\t\t\t\t\t\t\t<div class=\"elementor-image\">\n\t\t\t\t\t\t\t\t\t\t\t\t<img width=\"1024\" height=\"528\" src=\"https:\/\/concertrh.com\/wp-content\/uploads\/2019\/04\/retour-sur-investissement-1-1024x528.png\" class=\"attachment-large size-large\" alt=\"\" loading=\"lazy\" srcset=\"https:\/\/concertrh.com\/wp-content\/uploads\/2019\/04\/retour-sur-investissement-1-1024x528.png 1024w, https:\/\/concertrh.com\/wp-content\/uploads\/2019\/04\/retour-sur-investissement-1-300x155.png 300w, https:\/\/concertrh.com\/wp-content\/uploads\/2019\/04\/retour-sur-investissement-1-768x396.png 768w, https:\/\/concertrh.com\/wp-content\/uploads\/2019\/04\/retour-sur-investissement-1.png 2024w\" sizes=\"(max-width: 1024px) 100vw, 1024px\" \/>\t\t\t\t\t\t\t\t\t\t\t\t\t\t<\/div>\n\t\t\t\t\t\t<\/div>\n\t\t\t\t<\/div>\n\t\t\t\t\t\t<\/div>\n\t\t\t\t\t<\/div>\n\t\t<\/div>\n\t\t\t\t<div class=\"elementor-column elementor-col-33 elementor-top-column elementor-element elementor-element-dd98d88\" data-id=\"dd98d88\" data-element_type=\"column\">\n\t\t\t<div class=\"elementor-column-wrap\">\n\t\t\t\t\t\t\t<div class=\"elementor-widget-wrap\">\n\t\t\t\t\t\t\t\t<\/div>\n\t\t\t\t\t<\/div>\n\t\t<\/div>\n\t\t\t\t\t\t\t\t<\/div>\n\t\t\t\t\t<\/div>\n\t\t<\/section>\n\t\t\t\t\t\t\t\t\t<\/div>\n\t\t\t<\/div>\n\t\t\t\t\t<\/div>\n\t\t","protected":false},"excerpt":{"rendered":"<p>Comprendre, pr\u00e9venir et agir sur les risques incompr\u00e9hension, d\u00e9mobilisation, d\u00e9sengagement, turnover, absent\u00e9isme, burnout, harc\u00e8lements, etc\u2026 \u00e9chec op\u00e9rationnel, perte d\u2019efficacit\u00e9 ou de productivit\u00e9 r\u00e9sistance aux processus de r\u00e9organisation risques p\u00e9naux li\u00e9s \u00e0 l\u2019obligation de s\u00e9curit\u00e9 de r\u00e9sultat d\u00e9gradation du dialogue social alt\u00e9ration de la sant\u00e9 des salari\u00e9s Identifier les leviers d\u2019action d\u00e9velopper un management positif\u00a0 r\u00e9ussir [&hellip;]<\/p>\n","protected":false},"author":1,"featured_media":2065,"parent":0,"menu_order":2,"comment_status":"closed","ping_status":"closed","template":"","meta":[],"_links":{"self":[{"href":"https:\/\/concertrh.com\/index.php\/wp-json\/wp\/v2\/pages\/33"}],"collection":[{"href":"https:\/\/concertrh.com\/index.php\/wp-json\/wp\/v2\/pages"}],"about":[{"href":"https:\/\/concertrh.com\/index.php\/wp-json\/wp\/v2\/types\/page"}],"author":[{"embeddable":true,"href":"https:\/\/concertrh.com\/index.php\/wp-json\/wp\/v2\/users\/1"}],"replies":[{"embeddable":true,"href":"https:\/\/concertrh.com\/index.php\/wp-json\/wp\/v2\/comments?post=33"}],"version-history":[{"count":108,"href":"https:\/\/concertrh.com\/index.php\/wp-json\/wp\/v2\/pages\/33\/revisions"}],"predecessor-version":[{"id":2633,"href":"https:\/\/concertrh.com\/index.php\/wp-json\/wp\/v2\/pages\/33\/revisions\/2633"}],"wp:featuredmedia":[{"embeddable":true,"href":"https:\/\/concertrh.com\/index.php\/wp-json\/wp\/v2\/media\/2065"}],"wp:attachment":[{"href":"https:\/\/concertrh.com\/index.php\/wp-json\/wp\/v2\/media?parent=33"}],"curies":[{"name":"wp","href":"https:\/\/api.w.org\/{rel}","templated":true}]}}