{"id":707,"date":"2019-04-02T15:53:17","date_gmt":"2019-04-02T13:53:17","guid":{"rendered":"http:\/\/concertrh.com\/?page_id=707"},"modified":"2022-09-16T19:02:01","modified_gmt":"2022-09-16T17:02:01","slug":"absenteisme-dans-un-etablissement-public","status":"publish","type":"page","link":"https:\/\/concertrh.com\/index.php\/cas-dintervention\/absenteisme-dans-un-etablissement-public\/","title":{"rendered":"50% d\u2019absent\u00e9isme dans un service en r\u00e9organisation"},"content":{"rendered":"\t\t<div data-elementor-type=\"wp-page\" data-elementor-id=\"707\" class=\"elementor elementor-707\">\n\t\t\t\t\t\t<div class=\"elementor-inner\">\n\t\t\t\t<div class=\"elementor-section-wrap\">\n\t\t\t\t\t\t\t\t\t<section class=\"elementor-section elementor-top-section elementor-element elementor-element-04b9054 elementor-section-boxed elementor-section-height-default elementor-section-height-default\" data-id=\"04b9054\" data-element_type=\"section\">\n\t\t\t\t\t\t<div class=\"elementor-container elementor-column-gap-default\">\n\t\t\t\t\t\t\t<div class=\"elementor-row\">\n\t\t\t\t\t<div class=\"elementor-column elementor-col-66 elementor-top-column elementor-element elementor-element-eb288ec\" data-id=\"eb288ec\" data-element_type=\"column\">\n\t\t\t<div class=\"elementor-column-wrap elementor-element-populated\">\n\t\t\t\t\t\t\t<div class=\"elementor-widget-wrap\">\n\t\t\t\t\t\t<div class=\"elementor-element elementor-element-3c73e93 elementor-widget elementor-widget-text-editor\" data-id=\"3c73e93\" data-element_type=\"widget\" data-widget_type=\"text-editor.default\">\n\t\t\t\t<div class=\"elementor-widget-container\">\n\t\t\t\t\t\t\t\t<div class=\"elementor-text-editor elementor-clearfix\">\n\t\t\t\t<p><strong><span style=\"color: #ff6600;\">ENJEUX<br \/><\/span><\/strong>\u2022 <strong>comprendre<\/strong> les principaux facteurs de risque et les ressources du service<br \/>\u2022 <strong>\u00e9tablir<\/strong> des recommandations pour remettre les \u00e9quipes au travail<br \/>\u2022 <strong>formuler<\/strong> des recommandations en vue d\u2019une nouvelle organisation<\/p><p><strong><span style=\"color: #ff6600;\">M\u00c9THODE<\/span><\/strong><br \/>\u2022 pr\u00e9-diagnostic : comprendre la strat\u00e9gie de l\u2019\u00e9tablissement, son organisation, les enjeux inh\u00e9rents aux activit\u00e9s. Appr\u00e9hender l\u2019histoire, les diff\u00e9rents profils des salari\u00e9s, les premi\u00e8res zones de risques<br \/>\u2022 diagnostic terrain aupr\u00e8s d\u2019une dizaine de collaborateurs<\/p><p><span style=\"color: #f85d41;\"><strong>OUTILS<\/strong><\/span><br \/>Entretiens \u2013 Analyse documentaire &#8211; Visite des diff\u00e9rents sites afin de comprendre les situations concr\u00e8tes de travail et les relations entre les bureaux<\/p><p><strong><span style=\"color: #ff6600;\">LIVRABLES<\/span><\/strong><br \/>\u2022 note de synth\u00e8se remise \u00e0 la direction et aux RH afin d\u2019envisager les conditions d\u2019une restitution<br \/>\u2022 restitution aupr\u00e8s des \u00e9quipes<\/p>\t\t\t\t\t<\/div>\n\t\t\t\t\t\t<\/div>\n\t\t\t\t<\/div>\n\t\t\t\t\t\t<\/div>\n\t\t\t\t\t<\/div>\n\t\t<\/div>\n\t\t\t\t<div class=\"elementor-column elementor-col-33 elementor-top-column elementor-element elementor-element-8721124\" data-id=\"8721124\" data-element_type=\"column\">\n\t\t\t<div class=\"elementor-column-wrap elementor-element-populated\">\n\t\t\t\t\t\t\t<div class=\"elementor-widget-wrap\">\n\t\t\t\t\t\t<div class=\"elementor-element elementor-element-0c6aa89 elementor-widget elementor-widget-text-editor\" data-id=\"0c6aa89\" data-element_type=\"widget\" data-widget_type=\"text-editor.default\">\n\t\t\t\t<div class=\"elementor-widget-container\">\n\t\t\t\t\t\t\t\t<div class=\"elementor-text-editor elementor-clearfix\">\n\t\t\t\t<p><strong><span style=\"color: #ff6600;\">Recommandations<br \/><\/span><\/strong><em><strong>Dans le cadre de l\u2019organisation existante :<\/strong><\/em><br \/>\u2022 \u00e9tablir des r\u00e8gles de remplacement<br \/>\u2022 mettre en place une politique de formation\u2026<\/p><p><em><strong>Dans le cadre de l\u2019organisation cible :<\/strong><\/em><br \/>\u2022 \u00e9valuer la charge de travail et r\u00e9partir les portefeuilles clients<br \/>\u2022 lisser les salaires<br \/>\u2022 r\u00e9aliser des EAI repr\u00e9sentatifs du travail r\u00e9el<br \/>\u2022 clarifier les process de d\u00e9ploiement de l\u2019organisation cible<\/p>\t\t\t\t\t<\/div>\n\t\t\t\t\t\t<\/div>\n\t\t\t\t<\/div>\n\t\t\t\t\t\t<\/div>\n\t\t\t\t\t<\/div>\n\t\t<\/div>\n\t\t\t\t\t\t\t\t<\/div>\n\t\t\t\t\t<\/div>\n\t\t<\/section>\n\t\t\t\t<section class=\"elementor-section elementor-top-section elementor-element elementor-element-736ffaa elementor-section-boxed elementor-section-height-default elementor-section-height-default\" data-id=\"736ffaa\" data-element_type=\"section\">\n\t\t\t\t\t\t<div class=\"elementor-container elementor-column-gap-default\">\n\t\t\t\t\t\t\t<div class=\"elementor-row\">\n\t\t\t\t\t<div class=\"elementor-column elementor-col-66 elementor-top-column elementor-element elementor-element-b4d10e8\" data-id=\"b4d10e8\" data-element_type=\"column\">\n\t\t\t<div class=\"elementor-column-wrap elementor-element-populated\">\n\t\t\t\t\t\t\t<div class=\"elementor-widget-wrap\">\n\t\t\t\t\t\t<div class=\"elementor-element elementor-element-7889dee elementor-widget elementor-widget-text-editor\" data-id=\"7889dee\" data-element_type=\"widget\" data-widget_type=\"text-editor.default\">\n\t\t\t\t<div class=\"elementor-widget-container\">\n\t\t\t\t\t\t\t\t<div class=\"elementor-text-editor elementor-clearfix\">\n\t\t\t\t<p><strong><span style=\"color: #ff6600;\">RESULTATS<\/span><\/strong><br \/>\u2022 <strong>d\u00e9passer<\/strong> les premi\u00e8res perceptions sugg\u00e9rant des discriminations et des conflits interpersonnels<br \/>\u2022 <strong>formalisation<\/strong>\u00a0un plan d\u2019action pour r\u00e9tablir une situation \u00e9quilibr\u00e9e<br \/>\u2022 <strong>mobilisation<\/strong>\u00a0les collaborateurs sur la nouvelle organisation<\/p>\t\t\t\t\t<\/div>\n\t\t\t\t\t\t<\/div>\n\t\t\t\t<\/div>\n\t\t\t\t\t\t<\/div>\n\t\t\t\t\t<\/div>\n\t\t<\/div>\n\t\t\t\t<div class=\"elementor-column elementor-col-33 elementor-top-column elementor-element elementor-element-1a39561\" data-id=\"1a39561\" data-element_type=\"column\">\n\t\t\t<div class=\"elementor-column-wrap elementor-element-populated\">\n\t\t\t\t\t\t\t<div class=\"elementor-widget-wrap\">\n\t\t\t\t\t\t<div class=\"elementor-element elementor-element-1c88a76 elementor-widget elementor-widget-image\" data-id=\"1c88a76\" data-element_type=\"widget\" data-widget_type=\"image.default\">\n\t\t\t\t<div class=\"elementor-widget-container\">\n\t\t\t\t\t\t\t\t<div class=\"elementor-image\">\n\t\t\t\t\t\t\t\t\t\t\t\t<img width=\"1024\" height=\"880\" src=\"https:\/\/concertrh.com\/wp-content\/uploads\/2021\/01\/ConcertRH_carre4-1024x880.jpg\" class=\"attachment-large size-large\" alt=\"\" loading=\"lazy\" srcset=\"https:\/\/concertrh.com\/wp-content\/uploads\/2021\/01\/ConcertRH_carre4-1024x880.jpg 1024w, https:\/\/concertrh.com\/wp-content\/uploads\/2021\/01\/ConcertRH_carre4-300x258.jpg 300w, https:\/\/concertrh.com\/wp-content\/uploads\/2021\/01\/ConcertRH_carre4-768x660.jpg 768w, https:\/\/concertrh.com\/wp-content\/uploads\/2021\/01\/ConcertRH_carre4-1536x1320.jpg 1536w, https:\/\/concertrh.com\/wp-content\/uploads\/2021\/01\/ConcertRH_carre4.jpg 1792w\" sizes=\"(max-width: 1024px) 100vw, 1024px\" \/>\t\t\t\t\t\t\t\t\t\t\t\t\t\t<\/div>\n\t\t\t\t\t\t<\/div>\n\t\t\t\t<\/div>\n\t\t\t\t\t\t<\/div>\n\t\t\t\t\t<\/div>\n\t\t<\/div>\n\t\t\t\t\t\t\t\t<\/div>\n\t\t\t\t\t<\/div>\n\t\t<\/section>\n\t\t\t\t<section class=\"elementor-section elementor-top-section elementor-element elementor-element-114ce34 elementor-section-boxed elementor-section-height-default elementor-section-height-default\" data-id=\"114ce34\" data-element_type=\"section\">\n\t\t\t\t\t\t<div class=\"elementor-container elementor-column-gap-default\">\n\t\t\t\t\t\t\t<div class=\"elementor-row\">\n\t\t\t\t\t<div class=\"elementor-column elementor-col-100 elementor-top-column elementor-element elementor-element-4e6c48e\" data-id=\"4e6c48e\" data-element_type=\"column\">\n\t\t\t<div class=\"elementor-column-wrap elementor-element-populated\">\n\t\t\t\t\t\t\t<div class=\"elementor-widget-wrap\">\n\t\t\t\t\t\t<div class=\"elementor-element elementor-element-de2ba31 elementor-widget elementor-widget-spacer\" data-id=\"de2ba31\" data-element_type=\"widget\" data-widget_type=\"spacer.default\">\n\t\t\t\t<div class=\"elementor-widget-container\">\n\t\t\t\t\t<div class=\"elementor-spacer\">\n\t\t\t<div class=\"elementor-spacer-inner\"><\/div>\n\t\t<\/div>\n\t\t\t\t<\/div>\n\t\t\t\t<\/div>\n\t\t\t\t\t\t<\/div>\n\t\t\t\t\t<\/div>\n\t\t<\/div>\n\t\t\t\t\t\t\t\t<\/div>\n\t\t\t\t\t<\/div>\n\t\t<\/section>\n\t\t\t\t<section class=\"elementor-section elementor-top-section elementor-element elementor-element-8c9dfe8 elementor-section-boxed elementor-section-height-default elementor-section-height-default\" data-id=\"8c9dfe8\" data-element_type=\"section\">\n\t\t\t\t\t\t<div class=\"elementor-container elementor-column-gap-default\">\n\t\t\t\t\t\t\t<div class=\"elementor-row\">\n\t\t\t\t\t<div class=\"elementor-column elementor-col-100 elementor-top-column elementor-element elementor-element-7ec3e9b\" data-id=\"7ec3e9b\" data-element_type=\"column\">\n\t\t\t<div class=\"elementor-column-wrap elementor-element-populated\">\n\t\t\t\t\t\t\t<div class=\"elementor-widget-wrap\">\n\t\t\t\t\t\t<div class=\"elementor-element elementor-element-b188a9e elementor-widget elementor-widget-text-editor\" data-id=\"b188a9e\" data-element_type=\"widget\" data-widget_type=\"text-editor.default\">\n\t\t\t\t<div class=\"elementor-widget-container\">\n\t\t\t\t\t\t\t\t<div class=\"elementor-text-editor elementor-clearfix\">\n\t\t\t\t<p style=\"text-align: center;\"><strong><a href=\"http:\/\/concertrh.com\/index.php\/cas-dintervention\/\"><em><span style=\"color: #2b67c5;\">&lt; Retour aux cas d&rsquo;intervention &gt;<\/span><\/em><\/a><\/strong><\/p>\t\t\t\t\t<\/div>\n\t\t\t\t\t\t<\/div>\n\t\t\t\t<\/div>\n\t\t\t\t\t\t<\/div>\n\t\t\t\t\t<\/div>\n\t\t<\/div>\n\t\t\t\t\t\t\t\t<\/div>\n\t\t\t\t\t<\/div>\n\t\t<\/section>\n\t\t\t\t\t\t\t\t\t<\/div>\n\t\t\t<\/div>\n\t\t\t\t\t<\/div>\n\t\t","protected":false},"excerpt":{"rendered":"<p>ENJEUX \u2022 comprendre les principaux facteurs de risque et les ressources du service \u2022 \u00e9tablir des recommandations pour remettre les \u00e9quipes au travail \u2022 formuler des recommandations en vue d\u2019une nouvelle organisation M\u00c9THODE \u2022 pr\u00e9-diagnostic : comprendre la strat\u00e9gie de l\u2019\u00e9tablissement, son organisation, les enjeux inh\u00e9rents aux activit\u00e9s. Appr\u00e9hender l\u2019histoire, les diff\u00e9rents profils des salari\u00e9s, [&hellip;]<\/p>\n","protected":false},"author":1,"featured_media":2767,"parent":169,"menu_order":1,"comment_status":"closed","ping_status":"closed","template":"","meta":[],"_links":{"self":[{"href":"https:\/\/concertrh.com\/index.php\/wp-json\/wp\/v2\/pages\/707"}],"collection":[{"href":"https:\/\/concertrh.com\/index.php\/wp-json\/wp\/v2\/pages"}],"about":[{"href":"https:\/\/concertrh.com\/index.php\/wp-json\/wp\/v2\/types\/page"}],"author":[{"embeddable":true,"href":"https:\/\/concertrh.com\/index.php\/wp-json\/wp\/v2\/users\/1"}],"replies":[{"embeddable":true,"href":"https:\/\/concertrh.com\/index.php\/wp-json\/wp\/v2\/comments?post=707"}],"version-history":[{"count":55,"href":"https:\/\/concertrh.com\/index.php\/wp-json\/wp\/v2\/pages\/707\/revisions"}],"predecessor-version":[{"id":2827,"href":"https:\/\/concertrh.com\/index.php\/wp-json\/wp\/v2\/pages\/707\/revisions\/2827"}],"up":[{"embeddable":true,"href":"https:\/\/concertrh.com\/index.php\/wp-json\/wp\/v2\/pages\/169"}],"wp:featuredmedia":[{"embeddable":true,"href":"https:\/\/concertrh.com\/index.php\/wp-json\/wp\/v2\/media\/2767"}],"wp:attachment":[{"href":"https:\/\/concertrh.com\/index.php\/wp-json\/wp\/v2\/media?parent=707"}],"curies":[{"name":"wp","href":"https:\/\/api.w.org\/{rel}","templated":true}]}}